{"id":9773,"date":"2021-01-26T21:50:17","date_gmt":"2021-01-26T21:50:17","guid":{"rendered":"https:\/\/bruderklaus.com\/stiftung\/"},"modified":"2025-12-29T21:54:58","modified_gmt":"2025-12-29T20:54:58","slug":"stiftung","status":"publish","type":"page","link":"https:\/\/bruderklaus.com\/fr\/kontakt\/stiftung\/","title":{"rendered":"Fondation"},"content":{"rendered":"\n<h2 class=\"wp-block-heading\">La Fondation Fr\u00e8re Nicolas (Bruder-Klausen-Stiftung)<\/h2>\n\n\n\n<p>La Fondation Fr\u00e8re Nicolas est une fondation eccl\u00e9siastique ind\u00e9pendante. Elle cultive et encourage la v\u00e9n\u00e9ration de Nicolas de Flue de son \u00e9pouse Doroth\u00e9e Wyss. La Fondation a \u00e9t\u00e9 cr\u00e9\u00e9e en 1945 et inscrite au registre du commerce suisse en 2020.<\/p>\n\n\n\n<p>En plus des t\u00e2ches de la Fondation, l\u2019Association de soutien \u00ab&nbsp;F\u00f6rderverein Niklaus von Fl\u00fce und Dorothee Wyss&nbsp;\u00bb porte la responsabilit\u00e9 op\u00e9rationnelle du p\u00e8lerinage \u00e0 Fr\u00e8re Nicolas et de la v\u00e9n\u00e9ration mondiale de Nicolas de Flue et Doroth\u00e9e Wyss depuis le 1er janvier 2020.<\/p>\n\n\n\n<p>La Fondation et l&#8217;Association de soutien financent leurs activit\u00e9s exclusivement gr\u00e2ce aux contributions et aux dons des membres et des m\u00e9c\u00e8nes.<\/p>\n\n\n\n<div class=\"wp-block-columns is-layout-flex wp-container-core-columns-layout-1 wp-block-columns-is-layout-flex\">\n<div class=\"wp-block-column is-layout-flow wp-block-column-is-layout-flow\" style=\"flex-basis:33.33%\">\n<figure class=\"wp-block-image size-full\"><img decoding=\"async\" width=\"1551\" height=\"1551\" src=\"https:\/\/bruderklaus.com\/wp-content\/uploads\/2025\/12\/patricia-dahinden-1.jpg\" alt=\"\" class=\"wp-image-23981\" srcset=\"https:\/\/bruderklaus.com\/wp-content\/uploads\/2025\/12\/patricia-dahinden-1.jpg 1551w, https:\/\/bruderklaus.com\/wp-content\/uploads\/2025\/12\/patricia-dahinden-1-768x768.jpg 768w, https:\/\/bruderklaus.com\/wp-content\/uploads\/2025\/12\/patricia-dahinden-1-600x600.jpg 600w\" sizes=\"(max-width: 1551px) 100vw, 1551px\" \/><\/figure>\n<\/div>\n\n\n\n<div class=\"wp-block-column is-layout-flow wp-block-column-is-layout-flow\" style=\"flex-basis:66.66%\">\n<p>Patricia Dahinden<br>Secr\u00e9tariat de la fondation<br>Pilatusstrasse 12<br>6072 Sachseln<br>Suisse<\/p>\n\n\n\n<p>T\u00e9l: +41 41 660 44 18<br><a href=\"mailto:stiftung@bruderklaus.com\">stiftung@bruderklaus.com<\/a><\/p>\n<\/div>\n<\/div>\n\n\n\n<div class=\"wp-block-columns is-layout-flex wp-container-core-columns-layout-2 wp-block-columns-is-layout-flex\">\n<div class=\"wp-block-column is-layout-flow wp-block-column-is-layout-flow\" style=\"flex-basis:33.33%\"><\/div>\n\n\n\n<div class=\"wp-block-column is-layout-flow wp-block-column-is-layout-flow\" style=\"flex-basis:66.66%\">\n<p><strong>Dons<\/strong><br>Veuillez vous adresser au secr\u00e9tariat de la fondation pour toute question relative aux dons.<\/p>\n\n\n\n<h2 class=\"wp-block-heading\"><strong>Conseil d&#8217;administration<\/strong><\/h2>\n\n\n\n<p>Fuchs Ernst, Administrateur paroissial, Pilatusstrasse 3, 6072 Sachseln, pr\u00e9sident<br>Amrein Markus, T\u00fcrliweg 3, 6072 Sachseln, vice-pr\u00e9sident<br>Amrhein Anton, Br\u00fcggistrasse 20, 6072 Sachseln<br>Gasser Richard, Dammweg 13, 6072 Sachseln<br>Kappeler Thomas, Enetriederstrasse 40, 6060 Sarnen<br>Willi Bernhard, Bergstrasse 3, 6060 Sarnen, vicaire g\u00e9n\u00e9ral <\/p>\n\n\n<p><a class=\"c-btn-main\"  href=\"https:\/\/bruderklaus.com\/wp-content\/uploads\/2022\/04\/Stiftungsstatut-unterzeichnet_genehmigt_15.7.20-1.pdf\">Statut de la fondation<\/a><\/p>\n\n<p><a class=\"c-btn-main\"  href=\"https:\/\/bruderklaus.com\/wp-content\/uploads\/2024\/02\/2024_HR_Auszug.pdf\">Registre de commerce<\/a><\/p><\/div>\n<\/div>\n","protected":false},"excerpt":{"rendered":"<p>La Fondation Fr\u00e8re Nicolas (Bruder-Klausen-Stiftung) La Fondation Fr\u00e8re Nicolas est une fondation eccl\u00e9siastique ind\u00e9pendante. Elle cultive et encourage la v\u00e9n\u00e9ration de Nicolas de Flue de son \u00e9pouse Doroth\u00e9e Wyss. La Fondation a \u00e9t\u00e9 cr\u00e9\u00e9e en 1945 et inscrite au registre du commerce suisse en 2020. En plus des t\u00e2ches de la Fondation, l\u2019Association de soutien [&hellip;]<\/p>\n","protected":false},"author":3,"featured_media":2243,"parent":9789,"menu_order":40,"comment_status":"closed","ping_status":"closed","template":"","meta":{"_acf_changed":false,"footnotes":""},"acf":[],"_links":{"self":[{"href":"https:\/\/bruderklaus.com\/fr\/wp-json\/wp\/v2\/pages\/9773"}],"collection":[{"href":"https:\/\/bruderklaus.com\/fr\/wp-json\/wp\/v2\/pages"}],"about":[{"href":"https:\/\/bruderklaus.com\/fr\/wp-json\/wp\/v2\/types\/page"}],"author":[{"embeddable":true,"href":"https:\/\/bruderklaus.com\/fr\/wp-json\/wp\/v2\/users\/3"}],"replies":[{"embeddable":true,"href":"https:\/\/bruderklaus.com\/fr\/wp-json\/wp\/v2\/comments?post=9773"}],"version-history":[{"count":17,"href":"https:\/\/bruderklaus.com\/fr\/wp-json\/wp\/v2\/pages\/9773\/revisions"}],"predecessor-version":[{"id":24004,"href":"https:\/\/bruderklaus.com\/fr\/wp-json\/wp\/v2\/pages\/9773\/revisions\/24004"}],"up":[{"embeddable":true,"href":"https:\/\/bruderklaus.com\/fr\/wp-json\/wp\/v2\/pages\/9789"}],"wp:featuredmedia":[{"embeddable":true,"href":"https:\/\/bruderklaus.com\/fr\/wp-json\/wp\/v2\/media\/2243"}],"wp:attachment":[{"href":"https:\/\/bruderklaus.com\/fr\/wp-json\/wp\/v2\/media?parent=9773"}],"curies":[{"name":"wp","href":"https:\/\/api.w.org\/{rel}","templated":true}]}}

<h2 class="wp-block-heading">La Fondation Frère Nicolas (Bruder-Klausen-Stiftung)</h2>



<p>La Fondation Frère Nicolas est une fondation ecclésiastique indépendante. Elle cultive et encourage la vénération de Nicolas de Flue de son épouse Dorothée Wyss. La Fondation a été créée en 1945 et inscrite au registre du commerce suisse en 2020.</p>



<p>En plus des tâches de la Fondation, l’Association de soutien «&nbsp;Förderverein Niklaus von Flüe und Dorothee Wyss&nbsp;» porte la responsabilité opérationnelle du pèlerinage à Frère Nicolas et de la vénération mondiale de Nicolas de Flue et Dorothée Wyss depuis le 1er janvier 2020.</p>



<p>La Fondation et l&#8217;Association de soutien financent leurs activités exclusivement grâce aux contributions et aux dons des membres et des mécènes.</p>



<div class="wp-block-columns is-layout-flex wp-container-core-columns-layout-1 wp-block-columns-is-layout-flex">
<div class="wp-block-column is-layout-flow wp-block-column-is-layout-flow" style="flex-basis:33.33%">
<figure class="wp-block-image size-full"><img decoding="async" width="1551" height="1551" src="https://bruderklaus.com/wp-content/uploads/2025/12/patricia-dahinden-1.jpg" alt="" class="wp-image-23981" srcset="https://bruderklaus.com/wp-content/uploads/2025/12/patricia-dahinden-1.jpg 1551w, https://bruderklaus.com/wp-content/uploads/2025/12/patricia-dahinden-1-768x768.jpg 768w, https://bruderklaus.com/wp-content/uploads/2025/12/patricia-dahinden-1-600x600.jpg 600w" sizes="(max-width: 1551px) 100vw, 1551px" /></figure>
</div>



<div class="wp-block-column is-layout-flow wp-block-column-is-layout-flow" style="flex-basis:66.66%">
<p>Patricia Dahinden<br>Secrétariat de la fondation<br>Pilatusstrasse 12<br>6072 Sachseln<br>Suisse</p>



<p>Tél: +41 41 660 44 18<br><a href="mailto:stiftung@bruderklaus.com">stiftung@bruderklaus.com</a></p>
</div>
</div>



<div class="wp-block-columns is-layout-flex wp-container-core-columns-layout-2 wp-block-columns-is-layout-flex">
<div class="wp-block-column is-layout-flow wp-block-column-is-layout-flow" style="flex-basis:33.33%"></div>



<div class="wp-block-column is-layout-flow wp-block-column-is-layout-flow" style="flex-basis:66.66%">
<p><strong>Dons</strong><br>Veuillez vous adresser au secrétariat de la fondation pour toute question relative aux dons.</p>



<h2 class="wp-block-heading"><strong>Conseil d&#8217;administration</strong></h2>



<p>Fuchs Ernst, Administrateur paroissial, Pilatusstrasse 3, 6072 Sachseln, président<br>Amrein Markus, Türliweg 3, 6072 Sachseln, vice-président<br>Amrhein Anton, Brüggistrasse 20, 6072 Sachseln<br>Gasser Richard, Dammweg 13, 6072 Sachseln<br>Kappeler Thomas, Enetriederstrasse 40, 6060 Sarnen<br>Willi Bernhard, Bergstrasse 3, 6060 Sarnen, vicaire général </p>


<p><a class="c-btn-main"  href="https://bruderklaus.com/wp-content/uploads/2022/04/Stiftungsstatut-unterzeichnet_genehmigt_15.7.20-1.pdf">Statut de la fondation</a></p>

<p><a class="c-btn-main"  href="https://bruderklaus.com/wp-content/uploads/2024/02/2024_HR_Auszug.pdf">Registre de commerce</a></p></div>
</div>

<p>La Fondation Frère Nicolas (Bruder-Klausen-Stiftung) La Fondation Frère Nicolas est une fondation ecclésiastique indépendante. Elle cultive et encourage la vénération de Nicolas de Flue de son épouse Dorothée Wyss. La Fondation a été créée en 1945 et inscrite au registre du commerce suisse en 2020. En plus des tâches de la Fondation, l’Association de soutien [&hellip;]</p>
