{"id":514,"date":"2021-02-24T09:06:03","date_gmt":"2021-02-24T09:06:03","guid":{"rendered":"https:\/\/2021.bruderklaus.com\/?page_id=514"},"modified":"2021-02-24T09:06:25","modified_gmt":"2021-02-24T09:06:25","slug":"museum-bruder-klaus-sachseln","status":"publish","type":"page","link":"https:\/\/bruderklaus.com\/fr\/museum-bruder-klaus-sachseln\/","title":{"rendered":"Museum Bruder Klaus Sachseln"},"content":{"rendered":"\n<div class=\"wp-block-group\"><div class=\"wp-block-group__inner-container is-layout-flow wp-block-group-is-layout-flow\">\n<div class=\"wp-block-columns are-vertically-aligned-top is-layout-flex wp-container-core-columns-layout-1 wp-block-columns-is-layout-flex\">\n<div class=\"wp-block-column is-vertically-aligned-top is-layout-flow wp-block-column-is-layout-flow\" style=\"flex-basis:66.66%\">\n<h2 class=\"wp-block-heading\"><strong>Grundausstellung Niklaus von Fl\u00fce \u2013 Vermittler zwischen Welten<\/strong> FR<\/h2>\n\n\n\n<p>Die Grundausstellung zeichnet ein vielf\u00e4ltiges Portr\u00e4t des Mystikers, Mittlers und Menschen Niklaus von Fl\u00fce und folgt seinen Spuren bis in die heutige Zeit.<\/p>\n\n\n\n<p>Das Museum Bruder Klaus Sachseln befindet in einem der sch\u00f6nsten B\u00fcrgerh\u00e4user Obwaldens, dem Peter-Ignaz-von-Fl\u00fce-Haus, schr\u00e4g vis-\u00e0-vis der Pfarr- und Wallfahrtskirche. Haus und Garten sind&nbsp;im franz\u00f6sischen Stil gestaltet und weitgehend im urspr\u00fcnglichen Zustand erhalten.<\/p>\n\n\n\n<p>In Haus und Garten finden wechselnde Kunstausstellungen statt.<\/p>\n\n\n\n<p>Das Museum ist zwischen Palmsonntag und Allerheiligen ge\u00f6ffnet..<\/p>\n<\/div>\n\n\n\n<div class=\"wp-block-column is-vertically-aligned-top is-layout-flow wp-block-column-is-layout-flow\" style=\"flex-basis:33.33%\">\n<div class=\"wp-block-cover has-background-dim has-custom-content-position is-position-top-center\" style=\"background-color:#0e627b;min-height:50px\"><div class=\"wp-block-cover__inner-container is-layout-flow wp-block-cover-is-layout-flow\">\n<h2 class=\"wp-block-heading\">Infobox<\/h2>\n\n\n\n<p>Mehr Infos finden Sie direkt auf der Museumswebsite:<\/p>\n\n\n\n<p class=\"has-white-color has-text-color\"><a href=\"https:\/\/museumbruderklaus.ch\/aktuell\">Link<\/a><\/p>\n<\/div><\/div>\n<\/div>\n<\/div>\n<\/div><\/div>\n","protected":false},"excerpt":{"rendered":"","protected":false},"author":7,"featured_media":455,"parent":0,"menu_order":110,"comment_status":"closed","ping_status":"closed","template":"","meta":{"_acf_changed":false,"footnotes":""},"acf":[],"_links":{"self":[{"href":"https:\/\/bruderklaus.com\/fr\/wp-json\/wp\/v2\/pages\/514"}],"collection":[{"href":"https:\/\/bruderklaus.com\/fr\/wp-json\/wp\/v2\/pages"}],"about":[{"href":"https:\/\/bruderklaus.com\/fr\/wp-json\/wp\/v2\/types\/page"}],"author":[{"embeddable":true,"href":"https:\/\/bruderklaus.com\/fr\/wp-json\/wp\/v2\/users\/7"}],"replies":[{"embeddable":true,"href":"https:\/\/bruderklaus.com\/fr\/wp-json\/wp\/v2\/comments?post=514"}],"version-history":[{"count":1,"href":"https:\/\/bruderklaus.com\/fr\/wp-json\/wp\/v2\/pages\/514\/revisions"}],"predecessor-version":[{"id":515,"href":"https:\/\/bruderklaus.com\/fr\/wp-json\/wp\/v2\/pages\/514\/revisions\/515"}],"wp:featuredmedia":[{"embeddable":true,"href":"https:\/\/bruderklaus.com\/fr\/wp-json\/wp\/v2\/media\/455"}],"wp:attachment":[{"href":"https:\/\/bruderklaus.com\/fr\/wp-json\/wp\/v2\/media?parent=514"}],"curies":[{"name":"wp","href":"https:\/\/api.w.org\/{rel}","templated":true}]}}

<div class="wp-block-group"><div class="wp-block-group__inner-container is-layout-flow wp-block-group-is-layout-flow">
<div class="wp-block-columns are-vertically-aligned-top is-layout-flex wp-container-core-columns-layout-1 wp-block-columns-is-layout-flex">
<div class="wp-block-column is-vertically-aligned-top is-layout-flow wp-block-column-is-layout-flow" style="flex-basis:66.66%">
<h2 class="wp-block-heading"><strong>Grundausstellung Niklaus von Flüe – Vermittler zwischen Welten</strong> FR</h2>



<p>Die Grundausstellung zeichnet ein vielfältiges Porträt des Mystikers, Mittlers und Menschen Niklaus von Flüe und folgt seinen Spuren bis in die heutige Zeit.</p>



<p>Das Museum Bruder Klaus Sachseln befindet in einem der schönsten Bürgerhäuser Obwaldens, dem Peter-Ignaz-von-Flüe-Haus, schräg vis-à-vis der Pfarr- und Wallfahrtskirche. Haus und Garten sind&nbsp;im französischen Stil gestaltet und weitgehend im ursprünglichen Zustand erhalten.</p>



<p>In Haus und Garten finden wechselnde Kunstausstellungen statt.</p>



<p>Das Museum ist zwischen Palmsonntag und Allerheiligen geöffnet..</p>
</div>



<div class="wp-block-column is-vertically-aligned-top is-layout-flow wp-block-column-is-layout-flow" style="flex-basis:33.33%">
<div class="wp-block-cover has-background-dim has-custom-content-position is-position-top-center" style="background-color:#0e627b;min-height:50px"><div class="wp-block-cover__inner-container is-layout-flow wp-block-cover-is-layout-flow">
<h2 class="wp-block-heading">Infobox</h2>



<p>Mehr Infos finden Sie direkt auf der Museumswebsite:</p>



<p class="has-white-color has-text-color"><a href="https://museumbruderklaus.ch/aktuell">Link</a></p>
</div></div>
</div>
</div>
</div></div>
